of 90 and j?
18
Let r(o) = 4*o + 12. Let k be r(-1). Calculate the greatest common divisor of 32 and k.
8
Let f = 4 - 7. Let m(q) = -q - 2. Let k be m(f). Let o be 6/3*2*1. Calculate the greatest common divisor of o and k.
1
Suppose 0 = -4*t + 2*p + 40, -t + 21 = 2*p + 3*p. Calculate the greatest common factor of 88 and t.
11
Let h = 2 + -2. Suppose h*b - 5*b = -150. What is the highest common divisor of b and 6?
6
Let i be ((-180)/21)/(48/(-448)). Suppose 4*h - 96 = h. What is the greatest common divisor of h and i?
16
Let k(q) = -q. Let g be k(5). Let h = 1 + g. Let o be (1/1)/(h/(-4)). Calculate the highest common divisor of 4 and o.
1
Suppose -12*v + 948 + 1560 = 0. Calculate the greatest common factor of 22 and v.
11
Let i be (90/(-25))/((-1)/10). Calculate the greatest common divisor of 24 and i.
12
Let k be 15/10*(-104)/(-6). Suppose -5*b + 42 = 3*a - 76, -3*b + a = -82. Suppose -3*r = -2*r - b. What is the greatest common factor of r and k?
26
Let y = 479 + -271. Suppose 0 = -3*v + 3*d + 138, -4*v + y = 2*d - 0*d. Calculate the highest common divisor of v and 20.
10
Let j(d) = d**2 + d. Let f be j(-3). Suppose f = 3*h - 69. Calculate the highest common factor of 5 and h.
5
Let f = 138 + -107. Calculate the highest common factor of f and 341.
31
Let v = -9 + 3. Let k(u) = u + 8. Let w be k(v). What is the greatest common factor of 4 and w?
2
Suppose n - 5*u - 78 = 4, -3*n + 5*u + 276 = 0. Let m = 177 - n. What is the greatest common divisor of m and 10?
10
Let h = 0 - -3. Suppose 4 = r + 2*q, q = r - h*r - 1. Let v = 1 - r. What is the greatest common divisor of v and 24?
3
Let s be (12 + -6)/((-6)/(-88)). Let a be ((-42)/24)/((-1)/s). Calculate the highest common factor of 22 and a.
22
Let u(k) = -k**2 - 5*k + 10. Let y be u(-5). What is the greatest common divisor of 90 and y?
10
Let n(h) = 11*h**2 + 2*h - 23. Let a be n(-6). Calculate the highest common factor of a and 19.
19
Suppose u - 4*h - 45 = -5, -100 = -4*u + h. Calculate the highest common factor of u and 60.
12
Suppose 312 = 5*h + d + 2*d, -5*h - 2*d = -308. What is the greatest common factor of 12 and h?
12
Let x(j) = 12*j**3 + j**2 + 4*j - 4. Let f be x(1). What is the highest common divisor of f and 143?
13
Suppose 0 = -2*g - 0*g + 12. Let n(z) = z. Let r be n(g). Calculate the highest common divisor of 24 and r.
6
Suppose 0 = 5*n - 117 - 93. What is the highest common divisor of 105 and n?
21
Let a(l) = -l**2 + 6*l - 3. Let f be a(4). Suppose -4*r + f*w = -351, -3*r + 261 = -4*w + w. What is the highest common divisor of 28 and r?
28
Let i(m) be the second derivative of -m**4/12 - 11*m**3/6 + m**2/2 - 3*m. Let q be i(-11). Let b be (6/8)/(q/8). What is the greatest common divisor of 9 and b?
3
Let w(m) = 3*m - 2. Let t be w(6). Suppose -5*f = 4*o - 140, 14 = -2*o + 4. What is the greatest common factor of t and f?
16
Let m = 1 + 2. Suppose -m*c - 2 + 29 = 0. What is the greatest common divisor of c and 9?
9
Let i be 701/(-6) + 5/(-30). Let t be (i/2)/(2/(-4)). Calculate the highest common divisor of 13 and t.
13
Let d be (46/(-3))/((-10)/(-15)). Let y be (4/4)/((-1)/d). Let t = 34 - y. What is the highest common divisor of 55 and t?
11
Let m be ((-58)/4)/(1/(-2)). Suppose m - 129 = -4*i. Calculate the highest common divisor of i and 25.
25
Let l = -11 + 13. What is the greatest common divisor of l and 2?
2
Let l be (-1784)/(-10) + (-4)/10. Let u = l - 121. Let i = -33 + u. What is the greatest common factor of i and 3?
3
Let j = 6 - 1. Let i = 19 + j. What is the greatest common divisor of 36 and i?
12
Suppose 4*f - 1 = -2*r + f, 2*f + 1 = -r. Suppose -r*y + 140 = -0*y. What is the greatest common divisor of 14 and y?
14
Suppose j - 124 = -3*j. Suppose -j + 1 = 5*r. Let c be (-58)/r - 4/(-12). Calculate the greatest common divisor of c and 5.
5
Let c be (8/10)/((-1)/(-20)). What is the greatest common divisor of 56 and c?
8
Let t be (315/12)/(-3 - 81/(-24)). Calculate the greatest common divisor of t and 14.
14
Let w = 135 + 0. Calculate the greatest common divisor of 15 and w.
15
Let n = 7 - 5. Let w(b) = b. Let m be w(6). Let h be 2/(-2) + -3 + m. Calculate the highest common divisor of n and h.
2
Suppose 43 = 4*n - 13. Suppose 2*j = -j + 84. What is the highest common factor of n and j?
14
Suppose 0 = -3*i + 107 + 4. Suppose -8 - i = -a. Suppose 0*z = z - 5. What is the greatest common factor of z and a?
5
Suppose -i = 3*s, -5*i = 4*s - 2*i. Suppose 3*w - 12 = z - s*w, -z + 4*w = 16. Suppose -3*h + 21 = -z. What is the highest common divisor of h and 7?
7
Suppose 0 = -16*b + 9*b + 364. Calculate the highest common factor of 13 and b.
13
Suppose -k + 25 = 4*k. Suppose 3*g + 50 = -2*g. Let j be ((-28)/g)/1*k. What is the highest common factor of j and 14?
14
Let w(k) = -k**2 + 4*k + 3. Let t be w(4). Suppose 2*d = t*d. Suppose 2*o - 54 = -d*o. Calculate the greatest common divisor of o and 3.
3
Let b(z) = -1 - 4*z + 0 + 2*z**2 + 2*z. Let r be b(-8). What is the highest common factor of 13 and r?
13
Let d be (38/(-4))/((-9)/126). Calculate the greatest common factor of 19 and d.
19
Suppose -12 - 8 = -4*t. Let f = 0 + t. Calculate the greatest common divisor of 5 and f.
5
Suppose 0*c - 2*c = -4*z + 78, -z + c + 20 = 0. Let w(q) = -20*q + 9. Let d be w(-10). Calculate the highest common divisor of d and z.
19
Suppose 2*o - 9*o = -336. What is the greatest common factor of o and 16?
16
Suppose x - 3*a - 43 = -0*x, 3*x + 3*a = 117. What is the highest common factor of x and 8?
8
Let u = 644 + -293. Suppose r + u = 4*r. What is the highest common divisor of r and 13?
13
Suppose -412 = -4*z + 5*s, 5*s + 320 = 3*z + 4*s. What is the highest common divisor of 12 and z?
12
Let f = -152 - -312. Suppose g - 7*u - 1 = -3*u, 5*u - 71 = -3*g. Suppose -b = -f + g. Calculate the greatest common divisor of b and 13.
13
Let r = -58 + 69. What is the highest common divisor of r and 1?
1
Suppose -5*v - 1 = -6. Suppose 168 - 24 = 18*s. What is the greatest common divisor of v and s?
1
Let v = -104 + 113. Calculate the highest common divisor of v and 45.
9
Let h = -916 - -1685. Suppose 1 = 5*l - h. What is the highest common factor of 14 and l?
14
Let m = 36 - -28. Suppose 3*f + 16 = m. What is the greatest common factor of 2 and f?
2
Suppose -3*c = -2*t + 324, -3*t - 268 = -5*c - 752. Suppose -4*f + 63 = -f. What is the highest common factor of t and f?
21
Suppose -104 = -4*i + 3*p, 2*i - 4*i + 54 = -p. Let b = i - 13. What is the highest common factor of b and 8?
8
Let b(o) = o**2 - 2. Let x be b(3). Let a be (4 - (-16)/4)*7. Calculate the greatest common factor of x and a.
7
Suppose -2*g + 81 = g. Calculate the greatest common divisor of g and 9.
9
Suppose 0 = -h + 1 + 4. Let v(b) = 4*b**2 - 7*b + 1. Let r be v(h). Calculate the highest common divisor of r and 6.
6
Suppose -3*q + 1 = -2. Let i(u) = 5*u**3. Let n be i(q). Suppose 59 = n*t - 61. What is the greatest common divisor of 8 and t?
8
Let k be (-78)/(-9) + (-2)/3. Suppose 16 = -3*c + 2*c + 5*f, 0 = -5*c - 5*f + 10. Let j = c + 17. What is the highest common divisor of j and k?
8
Let j be ((-8)/(-10))/((-4)/(-70)). What is the greatest common divisor of 7 and j?
7
Suppose 3*f = -3*w + 33, -14 - 18 = -4*w + 2*f. Let z = -18 + 44. Let s = z + -17. What is the greatest common divisor of w and s?
9
Suppose -x = 3*x + 5*t - 22, 3*t + 46 = 5*x. Let r = 204 + 88. Suppose -5*b - 5*g + r = 77, x = -4*g. What is the highest common factor of b and 30?
15
Suppose -3*v + n = -0*v - 97, 3*v - 2*n - 98 = 0. What is the highest common factor of 4 and v?
4
Let j = -51 + 65. What is the highest common divisor of 98 and j?
14
Suppose -5*p - 389 = 2*v - 4*v, -3*v + p + 577 = 0. Calculate the highest common factor of v and 32.
32
Let i = 9 + -9. Let l = i - -1. What is the greatest common factor of l and 8?
1
Suppose -3*l - 2*l + 4*j + 6 = 0, -2*j + 12 = 5*l. What is the greatest common divisor of 4 and l?
2
Let x be (6/18)/(1/15). Suppose 2*z = z + 2*h + 23, -5 = x*h. What is the highest common divisor of 231 and z?
21
Let v(l) = -l**3 - 2*l**2 + 2*l - 1. Let o be v(-3). Let c be (2/(-5))/(o/(-10)). What is the greatest common factor of 22 and c?
2
Let k = -14 + 19. Suppose 8 = 4*f - b, 2*f - 3*b + 14 = 2*b. Suppose -f*v + 93 = -4*i, 6*v - 3*v = 5